{"id":1144,"date":"2015-04-10T14:28:23","date_gmt":"2015-04-10T14:28:23","guid":{"rendered":"http:\/\/jocelynrobert.com\/?page_id=1144"},"modified":"2015-04-10T14:33:37","modified_gmt":"2015-04-10T14:33:37","slug":"les-reseaux-telephone","status":"publish","type":"page","link":"http:\/\/jocelynrobert.com\/?page_id=1144","title":{"rendered":"Les R\u00e9seaux : t\u00e9l\u00e9phone"},"content":{"rendered":"<section class=\"wpb-content-wrapper\"><p>[vc_row][vc_column][vc_column_text]Performance sonore urbaine utilisant le r\u00e9seau t\u00e9l\u00e9phonique. Voir la description dans <a href=\"http:\/\/jocelynrobert.com\/wp-content\/uploads\/2015\/04\/Inter-44-1989-p43-telephone2.pdf\">Inter<\/a>. 1989.<\/p>\n<p>Urban sound performance using the telephone network. See description in <a href=\"http:\/\/jocelynrobert.com\/wp-content\/uploads\/2015\/04\/Inter-44-1989-p43-telephone2.pdf\">Inter<\/a> magazine. 1989.[\/vc_column_text][\/vc_column][\/vc_row][vc_row][vc_column width=&#8221;1\/1&#8243;][vc_single_image image=&#8221;1142&#8243; alignment=&#8221;center&#8221; border_color=&#8221;grey&#8221; img_link_large=&#8221;&#8221; img_link_target=&#8221;_self&#8221; img_size=&#8221;large&#8221;][\/vc_column][\/vc_row]<\/p>\n<\/section>","protected":false},"excerpt":{"rendered":"<p>[vc_row][vc_column][vc_column_text]Performance sonore urbaine utilisant le r\u00e9seau t\u00e9l\u00e9phonique. Voir la description dans Inter. 1989. Urban sound performance using the telephone network. See description in Inter magazine. 1989.[\/vc_column_text][\/vc_column][\/vc_row][vc_row][vc_column width=&#8221;1\/1&#8243;][vc_single_image image=&#8221;1142&#8243; alignment=&#8221;center&#8221; border_color=&#8221;grey&#8221; img_link_large=&#8221;&#8221; img_link_target=&#8221;_self&#8221; img_size=&#8221;large&#8221;][\/vc_column][\/vc_row]<\/p>\n","protected":false},"author":1,"featured_media":0,"parent":545,"menu_order":0,"comment_status":"closed","ping_status":"open","template":"","meta":[],"_links":{"self":[{"href":"http:\/\/jocelynrobert.com\/index.php?rest_route=\/wp\/v2\/pages\/1144"}],"collection":[{"href":"http:\/\/jocelynrobert.com\/index.php?rest_route=\/wp\/v2\/pages"}],"about":[{"href":"http:\/\/jocelynrobert.com\/index.php?rest_route=\/wp\/v2\/types\/page"}],"author":[{"embeddable":true,"href":"http:\/\/jocelynrobert.com\/index.php?rest_route=\/wp\/v2\/users\/1"}],"replies":[{"embeddable":true,"href":"http:\/\/jocelynrobert.com\/index.php?rest_route=%2Fwp%2Fv2%2Fcomments&post=1144"}],"version-history":[{"count":2,"href":"http:\/\/jocelynrobert.com\/index.php?rest_route=\/wp\/v2\/pages\/1144\/revisions"}],"predecessor-version":[{"id":1148,"href":"http:\/\/jocelynrobert.com\/index.php?rest_route=\/wp\/v2\/pages\/1144\/revisions\/1148"}],"up":[{"embeddable":true,"href":"http:\/\/jocelynrobert.com\/index.php?rest_route=\/wp\/v2\/pages\/545"}],"wp:attachment":[{"href":"http:\/\/jocelynrobert.com\/index.php?rest_route=%2Fwp%2Fv2%2Fmedia&parent=1144"}],"curies":[{"name":"wp","href":"https:\/\/api.w.org\/{rel}","templated":true}]}}