{"id":1150,"date":"2015-04-10T14:37:49","date_gmt":"2015-04-10T14:37:49","guid":{"rendered":"http:\/\/jocelynrobert.com\/?page_id=1150"},"modified":"2015-04-10T14:41:45","modified_gmt":"2015-04-10T14:41:45","slug":"les-montagnes-brusques-2","status":"publish","type":"page","link":"http:\/\/jocelynrobert.com\/?page_id=1150","title":{"rendered":"Les Montagnes brusques"},"content":{"rendered":"<section class=\"wpb-content-wrapper\"><p>[vc_row][vc_column width=&#8221;1\/1&#8243;][vc_column_text]mini-cd publi\u00e9 in Inter, Qu\u00e9bec, 2000<\/p>\n<p>Les sons d&#8217;origine proviennent d&#8217;enregistrements r\u00e9alis\u00e9s par Judith Cohen et publi\u00e9s sur un disque compact accompagnant la revue MusicWorks, de Toronto. Le pressage du cd \u00e9tait d\u00e9fecteux, et le lecteur de cd aussi&#8230; Le r\u00e9sultat a \u00e9t\u00e9 enregistr\u00e9, re-master\u00e9, et le tout a \u00e9t\u00e9 inclus dans un num\u00e9ro de la revue Inter sur l&#8217;art et l&#8217;accident.<\/p>\n<p><em>3 pi\u00e8ces. (10:31), (3:38), (5:15)<\/em><\/p>\n<p>The original sounds were taken from Judith Cohen&#8217;s recordings published on a cd from MusicWorks, from Toronto. The pressing of the cd was defective, and the cd player was too&#8230; The results were recorded, re-mastered, and published in a special number of Inter magazine on art and accident.<\/p>\n<p><em>3 works. (10:31), (3:38), (5:15)<\/em>[\/vc_column_text][vc_single_image image=&#8221;1153&#8243; alignment=&#8221;center&#8221; border_color=&#8221;grey&#8221; img_link_large=&#8221;&#8221; img_link_target=&#8221;_self&#8221; img_size=&#8221;full&#8221;][vc_column_text]<\/p>\n<!--[if lt IE 9]><script>document.createElement('audio');<\/script><![endif]-->\n<audio class=\"wp-audio-shortcode\" id=\"audio-1150-1\" preload=\"none\" style=\"width: 100%;\" controls=\"controls\"><source type=\"audio\/mpeg\" src=\"http:\/\/jocelynrobert.com\/wp-content\/uploads\/2015\/04\/01-Montagnes-brusques-01.mp3?_=1\" \/><a href=\"http:\/\/jocelynrobert.com\/wp-content\/uploads\/2015\/04\/01-Montagnes-brusques-01.mp3\">http:\/\/jocelynrobert.com\/wp-content\/uploads\/2015\/04\/01-Montagnes-brusques-01.mp3<\/a><\/audio>\n<p>[\/vc_column_text][\/vc_column][\/vc_row]<\/p>\n<\/section>","protected":false},"excerpt":{"rendered":"<p>[vc_row][vc_column width=&#8221;1\/1&#8243;][vc_column_text]mini-cd publi\u00e9 in Inter, Qu\u00e9bec, 2000 Les sons d&#8217;origine proviennent d&#8217;enregistrements r\u00e9alis\u00e9s par Judith Cohen et publi\u00e9s sur un disque compact accompagnant la revue MusicWorks, de Toronto. Le pressage du cd \u00e9tait d\u00e9fecteux, et le lecteur de cd aussi&#8230; Le r\u00e9sultat a \u00e9t\u00e9 enregistr\u00e9, re-master\u00e9, et le tout a \u00e9t\u00e9 inclus dans un num\u00e9ro &#8230; <a title=\"Les Montagnes brusques\" class=\"read-more\" href=\"http:\/\/jocelynrobert.com\/?page_id=1150\" aria-label=\"More on Les Montagnes brusques\">Read more<\/a><\/p>\n","protected":false},"author":1,"featured_media":0,"parent":43,"menu_order":0,"comment_status":"closed","ping_status":"open","template":"","meta":[],"_links":{"self":[{"href":"http:\/\/jocelynrobert.com\/index.php?rest_route=\/wp\/v2\/pages\/1150"}],"collection":[{"href":"http:\/\/jocelynrobert.com\/index.php?rest_route=\/wp\/v2\/pages"}],"about":[{"href":"http:\/\/jocelynrobert.com\/index.php?rest_route=\/wp\/v2\/types\/page"}],"author":[{"embeddable":true,"href":"http:\/\/jocelynrobert.com\/index.php?rest_route=\/wp\/v2\/users\/1"}],"replies":[{"embeddable":true,"href":"http:\/\/jocelynrobert.com\/index.php?rest_route=%2Fwp%2Fv2%2Fcomments&post=1150"}],"version-history":[{"count":3,"href":"http:\/\/jocelynrobert.com\/index.php?rest_route=\/wp\/v2\/pages\/1150\/revisions"}],"predecessor-version":[{"id":1155,"href":"http:\/\/jocelynrobert.com\/index.php?rest_route=\/wp\/v2\/pages\/1150\/revisions\/1155"}],"up":[{"embeddable":true,"href":"http:\/\/jocelynrobert.com\/index.php?rest_route=\/wp\/v2\/pages\/43"}],"wp:attachment":[{"href":"http:\/\/jocelynrobert.com\/index.php?rest_route=%2Fwp%2Fv2%2Fmedia&parent=1150"}],"curies":[{"name":"wp","href":"https:\/\/api.w.org\/{rel}","templated":true}]}}

<section class="wpb-content-wrapper"><p>[vc_row][vc_column width=&#8221;1/1&#8243;][vc_column_text]mini-cd publié in Inter, Québec, 2000</p>
<p>Les sons d&#8217;origine proviennent d&#8217;enregistrements réalisés par Judith Cohen et publiés sur un disque compact accompagnant la revue MusicWorks, de Toronto. Le pressage du cd était défecteux, et le lecteur de cd aussi&#8230; Le résultat a été enregistré, re-masteré, et le tout a été inclus dans un numéro de la revue Inter sur l&#8217;art et l&#8217;accident.</p>
<p><em>3 pièces. (10:31), (3:38), (5:15)</em></p>
<p>The original sounds were taken from Judith Cohen&#8217;s recordings published on a cd from MusicWorks, from Toronto. The pressing of the cd was defective, and the cd player was too&#8230; The results were recorded, re-mastered, and published in a special number of Inter magazine on art and accident.</p>
<p><em>3 works. (10:31), (3:38), (5:15)</em>[/vc_column_text][vc_single_image image=&#8221;1153&#8243; alignment=&#8221;center&#8221; border_color=&#8221;grey&#8221; img_link_large=&#8221;&#8221; img_link_target=&#8221;_self&#8221; img_size=&#8221;full&#8221;][vc_column_text]</p>
<!--[if lt IE 9]><script>document.createElement('audio');</script><![endif]-->
<audio class="wp-audio-shortcode" id="audio-1150-1" preload="none" style="width: 100%;" controls="controls"><source type="audio/mpeg" src="http://jocelynrobert.com/wp-content/uploads/2015/04/01-Montagnes-brusques-01.mp3?_=1" /><a href="http://jocelynrobert.com/wp-content/uploads/2015/04/01-Montagnes-brusques-01.mp3">http://jocelynrobert.com/wp-content/uploads/2015/04/01-Montagnes-brusques-01.mp3</a></audio>
<p>[/vc_column_text][/vc_column][/vc_row]</p>
</section>

<p>[vc_row][vc_column width=&#8221;1/1&#8243;][vc_column_text]mini-cd publié in Inter, Québec, 2000 Les sons d&#8217;origine proviennent d&#8217;enregistrements réalisés par Judith Cohen et publiés sur un disque compact accompagnant la revue MusicWorks, de Toronto. Le pressage du cd était défecteux, et le lecteur de cd aussi&#8230; Le résultat a été enregistré, re-masteré, et le tout a été inclus dans un numéro &#8230; <a title="Les Montagnes brusques" class="read-more" href="http://jocelynrobert.com/?page_id=1150" aria-label="More on Les Montagnes brusques">Read more</a></p>
