{"id":1217,"date":"2015-04-18T20:40:22","date_gmt":"2015-04-18T20:40:22","guid":{"rendered":"http:\/\/jocelynrobert.com\/?page_id=1217"},"modified":"2015-04-18T20:56:15","modified_gmt":"2015-04-18T20:56:15","slug":"versohnungskirche","status":"publish","type":"page","link":"http:\/\/jocelynrobert.com\/?page_id=1217","title":{"rendered":"Vers\u00f6hnungskirche"},"content":{"rendered":"<section class=\"wpb-content-wrapper\"><p>[vc_row][vc_column][vc_column_text]<em>&#8220;La fra\u00eecheur limpide des harmoniques monte lentement dans l&#8217;air du soir, prend peu \u00e0 peu de l&#8217;assurance. Chaque note s&#8217;\u00e9panouit comme une fleur sonore, accompagn\u00e9e par une corolle d&#8217;autres notes avec lesquelles elle entre en r\u00e9sonance dans un savant contrepoint. Je n&#8217;insiste pas : encore un sommet ! (&#8230;) Vous l&#8217;avez compris : ce disque est aussi admirable, abouti, que le pr\u00e9c\u00e9dent, et ce n&#8217;est pas la derni\u00e8re pi\u00e8ce, &#8220;Le lointain&#8221;, qui me fera changer d&#8217;avis. Le lointain, c&#8217;est ce qui chante dans l&#8217;ici des entrelacs, des entre-l\u00e0&#8230;&#8221;<\/em><\/p>\n<p><em><a href=\"http:\/\/inactuelles.over-blog.com\/2014\/03\/jocelyn-robert-piano-disklavier.html\">http:\/\/inactuelles.over-blog.com\/2014\/03\/jocelyn-robert-piano-disklavier.html<\/a><\/em><\/p>\n<p>Voir \/ See <a href=\"http:\/\/www.cdbaby.com\/cd\/jocelynrobert3\" target=\"_blank\">http:\/\/www.cdbaby.com\/cd\/jocelynrobert3<\/a><\/p>\n<p>&nbsp;[\/vc_column_text][\/vc_column][vc_column width=&#8221;1\/1&#8243;][vc_single_image image=&#8221;352&#8243; alignment=&#8221;center&#8221; border_color=&#8221;grey&#8221; img_link_large=&#8221;&#8221; img_link_target=&#8221;_blank&#8221; img_size=&#8221;full&#8221; link=&#8221;http:\/\/www.cdbaby.com\/cd\/jocelynrobert3&#8243;][\/vc_column][\/vc_row]<\/p>\n<\/section>","protected":false},"excerpt":{"rendered":"<p>[vc_row][vc_column][vc_column_text]&#8220;La fra\u00eecheur limpide des harmoniques monte lentement dans l&#8217;air du soir, prend peu \u00e0 peu de l&#8217;assurance. Chaque note s&#8217;\u00e9panouit comme une fleur sonore, accompagn\u00e9e par une corolle d&#8217;autres notes avec lesquelles elle entre en r\u00e9sonance dans un savant contrepoint. Je n&#8217;insiste pas : encore un sommet ! (&#8230;) Vous l&#8217;avez compris : ce disque &#8230; <a title=\"Vers\u00f6hnungskirche\" class=\"read-more\" href=\"http:\/\/jocelynrobert.com\/?page_id=1217\" aria-label=\"More on Vers\u00f6hnungskirche\">Read more<\/a><\/p>\n","protected":false},"author":1,"featured_media":0,"parent":43,"menu_order":0,"comment_status":"closed","ping_status":"open","template":"","meta":[],"_links":{"self":[{"href":"http:\/\/jocelynrobert.com\/index.php?rest_route=\/wp\/v2\/pages\/1217"}],"collection":[{"href":"http:\/\/jocelynrobert.com\/index.php?rest_route=\/wp\/v2\/pages"}],"about":[{"href":"http:\/\/jocelynrobert.com\/index.php?rest_route=\/wp\/v2\/types\/page"}],"author":[{"embeddable":true,"href":"http:\/\/jocelynrobert.com\/index.php?rest_route=\/wp\/v2\/users\/1"}],"replies":[{"embeddable":true,"href":"http:\/\/jocelynrobert.com\/index.php?rest_route=%2Fwp%2Fv2%2Fcomments&post=1217"}],"version-history":[{"count":4,"href":"http:\/\/jocelynrobert.com\/index.php?rest_route=\/wp\/v2\/pages\/1217\/revisions"}],"predecessor-version":[{"id":1228,"href":"http:\/\/jocelynrobert.com\/index.php?rest_route=\/wp\/v2\/pages\/1217\/revisions\/1228"}],"up":[{"embeddable":true,"href":"http:\/\/jocelynrobert.com\/index.php?rest_route=\/wp\/v2\/pages\/43"}],"wp:attachment":[{"href":"http:\/\/jocelynrobert.com\/index.php?rest_route=%2Fwp%2Fv2%2Fmedia&parent=1217"}],"curies":[{"name":"wp","href":"https:\/\/api.w.org\/{rel}","templated":true}]}}