{"id":443,"date":"2015-03-31T21:35:08","date_gmt":"2015-03-31T21:35:08","guid":{"rendered":"http:\/\/jocelynrobert.com\/?page_id=443"},"modified":"2015-04-06T19:18:36","modified_gmt":"2015-04-06T19:18:36","slug":"vermeer","status":"publish","type":"page","link":"http:\/\/jocelynrobert.com\/?page_id=443","title":{"rendered":"Vermeer"},"content":{"rendered":"<section class=\"wpb-content-wrapper\"><p>[vc_row][vc_column width=&#8221;1\/1&#8243;][vc_video link=&#8221;https:\/\/vimeo.com\/124231126&#8243;][\/vc_column][\/vc_row][vc_row][vc_column width=&#8221;1\/1&#8243;][vc_column_text]<\/p>\n<div class=\"vc_row wpb_row vc_row-fluid\">\n<div class=\"vc_col-sm-12 wpb_column vc_column_container \">\n<div class=\"wpb_wrapper\">\n<div class=\"wpb_text_column wpb_content_element \">\n<div class=\"wpb_wrapper\">\n<p><strong>Vermeer.<\/strong> Tableau vid\u00e9o \/ loop 03:23, 1996.<\/p>\n<p>Un tableau vid\u00e9o con\u00e7u pour \u00eatre montr\u00e9 en boucle sur \u00e9cran plat. Collection de la Galerie de L&#8217;UQAM.<\/p>\n<p>A \u201ctableau\u201d video to be shown in loop on flat screen. Collection Galerie de l&#8217;UQAM.<\/p>\n<\/div>\n<\/div>\n<\/div>\n<\/div>\n<\/div>\n<p>[\/vc_column_text][\/vc_column][\/vc_row]<\/p>\n<\/section>","protected":false},"excerpt":{"rendered":"<p>[vc_row][vc_column width=&#8221;1\/1&#8243;][vc_video link=&#8221;https:\/\/vimeo.com\/124231126&#8243;][\/vc_column][\/vc_row][vc_row][vc_column width=&#8221;1\/1&#8243;][vc_column_text] Vermeer. Tableau vid\u00e9o \/ loop 03:23, 1996. Un tableau vid\u00e9o con\u00e7u pour \u00eatre montr\u00e9 en boucle sur \u00e9cran plat. Collection de la Galerie de L&#8217;UQAM. A \u201ctableau\u201d video to be shown in loop on flat screen. Collection Galerie de l&#8217;UQAM. [\/vc_column_text][\/vc_column][\/vc_row]<\/p>\n","protected":false},"author":1,"featured_media":0,"parent":198,"menu_order":0,"comment_status":"closed","ping_status":"open","template":"","meta":[],"_links":{"self":[{"href":"http:\/\/jocelynrobert.com\/index.php?rest_route=\/wp\/v2\/pages\/443"}],"collection":[{"href":"http:\/\/jocelynrobert.com\/index.php?rest_route=\/wp\/v2\/pages"}],"about":[{"href":"http:\/\/jocelynrobert.com\/index.php?rest_route=\/wp\/v2\/types\/page"}],"author":[{"embeddable":true,"href":"http:\/\/jocelynrobert.com\/index.php?rest_route=\/wp\/v2\/users\/1"}],"replies":[{"embeddable":true,"href":"http:\/\/jocelynrobert.com\/index.php?rest_route=%2Fwp%2Fv2%2Fcomments&post=443"}],"version-history":[{"count":4,"href":"http:\/\/jocelynrobert.com\/index.php?rest_route=\/wp\/v2\/pages\/443\/revisions"}],"predecessor-version":[{"id":856,"href":"http:\/\/jocelynrobert.com\/index.php?rest_route=\/wp\/v2\/pages\/443\/revisions\/856"}],"up":[{"embeddable":true,"href":"http:\/\/jocelynrobert.com\/index.php?rest_route=\/wp\/v2\/pages\/198"}],"wp:attachment":[{"href":"http:\/\/jocelynrobert.com\/index.php?rest_route=%2Fwp%2Fv2%2Fmedia&parent=443"}],"curies":[{"name":"wp","href":"https:\/\/api.w.org\/{rel}","templated":true}]}}