{"id":626,"date":"2015-04-04T17:51:39","date_gmt":"2015-04-04T17:51:39","guid":{"rendered":"http:\/\/jocelynrobert.com\/?page_id=626"},"modified":"2015-04-10T15:27:47","modified_gmt":"2015-04-10T15:27:47","slug":"internement","status":"publish","type":"page","link":"http:\/\/jocelynrobert.com\/?page_id=626","title":{"rendered":"Internement"},"content":{"rendered":"<section class=\"wpb-content-wrapper\"><p>[vc_row][vc_column][vc_column_text]<em>Internement<\/em>, avec Diane Landry. 1991.<br \/>\nPerformance r\u00e9alis\u00e9e dans le cadre d&#8217;un \u00e9v\u00e9nement Aire de Service organis\u00e9 par Doyon\/Demers lors du congr\u00e8s Annpac\/Raca.<\/p>\n<p><em>Internement<\/em>, with Diane Landry. 1991.<br \/>\nPerformance in Aire de Service, organized by Doyon\/Demers for the du Annpac\/Raca meeting.<\/p>\n<p>&nbsp;[\/vc_column_text][\/vc_column][vc_column width=&#8221;1\/1&#8243;][vc_video link=&#8221;https:\/\/www.youtube.com\/watch?v=JMiZbyW3oNw&#038;feature=youtu.be&#8221;][vc_column_text][\/vc_column_text][vc_separator color=&#8221;grey&#8221;][vc_separator color=&#8221;grey&#8221;][\/vc_column][\/vc_row]<\/p>\n<\/section>","protected":false},"excerpt":{"rendered":"<p>[vc_row][vc_column][vc_column_text]Internement, avec Diane Landry. 1991. Performance r\u00e9alis\u00e9e dans le cadre d&#8217;un \u00e9v\u00e9nement Aire de Service organis\u00e9 par Doyon\/Demers lors du congr\u00e8s Annpac\/Raca. Internement, with Diane Landry. 1991. Performance in Aire de Service, organized by Doyon\/Demers for the du Annpac\/Raca meeting. &nbsp;[\/vc_column_text][\/vc_column][vc_column width=&#8221;1\/1&#8243;][vc_video link=&#8221;https:\/\/www.youtube.com\/watch?v=JMiZbyW3oNw&#038;feature=youtu.be&#8221;][vc_column_text][\/vc_column_text][vc_separator color=&#8221;grey&#8221;][vc_separator color=&#8221;grey&#8221;][\/vc_column][\/vc_row]<\/p>\n","protected":false},"author":1,"featured_media":0,"parent":545,"menu_order":0,"comment_status":"closed","ping_status":"open","template":"","meta":[],"_links":{"self":[{"href":"http:\/\/jocelynrobert.com\/index.php?rest_route=\/wp\/v2\/pages\/626"}],"collection":[{"href":"http:\/\/jocelynrobert.com\/index.php?rest_route=\/wp\/v2\/pages"}],"about":[{"href":"http:\/\/jocelynrobert.com\/index.php?rest_route=\/wp\/v2\/types\/page"}],"author":[{"embeddable":true,"href":"http:\/\/jocelynrobert.com\/index.php?rest_route=\/wp\/v2\/users\/1"}],"replies":[{"embeddable":true,"href":"http:\/\/jocelynrobert.com\/index.php?rest_route=%2Fwp%2Fv2%2Fcomments&post=626"}],"version-history":[{"count":3,"href":"http:\/\/jocelynrobert.com\/index.php?rest_route=\/wp\/v2\/pages\/626\/revisions"}],"predecessor-version":[{"id":1186,"href":"http:\/\/jocelynrobert.com\/index.php?rest_route=\/wp\/v2\/pages\/626\/revisions\/1186"}],"up":[{"embeddable":true,"href":"http:\/\/jocelynrobert.com\/index.php?rest_route=\/wp\/v2\/pages\/545"}],"wp:attachment":[{"href":"http:\/\/jocelynrobert.com\/index.php?rest_route=%2Fwp%2Fv2%2Fmedia&parent=626"}],"curies":[{"name":"wp","href":"https:\/\/api.w.org\/{rel}","templated":true}]}}