{"id":691,"date":"2015-04-04T20:58:33","date_gmt":"2015-04-04T20:58:33","guid":{"rendered":"http:\/\/jocelynrobert.com\/?page_id=691"},"modified":"2015-04-04T21:17:53","modified_gmt":"2015-04-04T21:17:53","slug":"the-next-community","status":"publish","type":"page","link":"http:\/\/jocelynrobert.com\/?page_id=691","title":{"rendered":"The Next Community"},"content":{"rendered":"<section class=\"wpb-content-wrapper\"><p>[vc_row][vc_column width=&#8221;1\/1&#8243;][vc_column_text]Installation &#8211; performance dans le cadre de Nuit Blanche Toronto 2010. Un studio de photo temporaire est install\u00e9 dans l&#8217;entr\u00e9e ext\u00e9rieure de la Scotia Bank sur Bay Street. Les gens sont invit\u00e9s \u00e0 venir se faire photographier apr\u00e8s une courte discussion. Chaque portrait est ensuite ajout\u00e9 \u00e0 la banque d&#8217;images et devient un des portraits qui r\u00e9-assemblent un portrait de groupe projet\u00e9 sur plusieurs \u00e9tages sur le b\u00e2timent voisin. Le portrait d&#8217;ensemble est en constant r\u00e9-arrangement. Le processus dura 12 heures, de 7 heures du soir \u00e0 7 heures du matin.<\/p>\n<p>Installation &#8211; performance as part of Nuit Blanche, Toronto, in 2010. A temporary photography studio has been built in the outdoor entrance of the Scotia Bank Building on Bay Street. People were invited to have their portrait taken after a short chat. Each portrait was then added in the picture bank and became one of the portraits used to re-assemble a group portrait, projected a few story high on another building. The group portrait was in constant re-arrangement. The whole project lasted for 12 hours, from 7pm to 7am.[\/vc_column_text][\/vc_column][\/vc_row][vc_row][vc_column width=&#8221;1\/2&#8243;][vc_single_image image=&#8221;693&#8243; alignment=&#8221;center&#8221; border_color=&#8221;grey&#8221; img_link_large=&#8221;&#8221; img_link_target=&#8221;_self&#8221; img_size=&#8221;full&#8221;][\/vc_column][vc_column width=&#8221;1\/2&#8243;][vc_single_image border_color=&#8221;grey&#8221; img_link_target=&#8221;_self&#8221; image=&#8221;694&#8243; img_size=&#8221;full&#8221; alignment=&#8221;center&#8221; img_link_large=&#8221;&#8221;][\/vc_column][\/vc_row][vc_row][vc_column width=&#8221;1\/2&#8243;][vc_single_image image=&#8221;696&#8243; alignment=&#8221;center&#8221; border_color=&#8221;grey&#8221; img_link_large=&#8221;&#8221; img_link_target=&#8221;_self&#8221; img_size=&#8221;full&#8221;][\/vc_column][vc_column width=&#8221;1\/2&#8243;][vc_single_image border_color=&#8221;grey&#8221; img_link_target=&#8221;_self&#8221; image=&#8221;697&#8243; img_size=&#8221;full&#8221; alignment=&#8221;center&#8221; img_link_large=&#8221;&#8221;][\/vc_column][\/vc_row][vc_row][vc_column width=&#8221;1\/2&#8243;][vc_single_image image=&#8221;698&#8243; alignment=&#8221;center&#8221; border_color=&#8221;grey&#8221; img_link_large=&#8221;&#8221; img_link_target=&#8221;_self&#8221; img_size=&#8221;full&#8221;][\/vc_column][vc_column width=&#8221;1\/2&#8243;][vc_single_image border_color=&#8221;grey&#8221; img_link_target=&#8221;_self&#8221; image=&#8221;699&#8243; img_size=&#8221;full&#8221; alignment=&#8221;center&#8221; img_link_large=&#8221;&#8221;][\/vc_column][\/vc_row][vc_row][vc_column width=&#8221;1\/2&#8243;][vc_single_image image=&#8221;700&#8243; alignment=&#8221;center&#8221; border_color=&#8221;grey&#8221; img_link_large=&#8221;&#8221; img_link_target=&#8221;_self&#8221; img_size=&#8221;full&#8221;][\/vc_column][vc_column width=&#8221;1\/2&#8243;][\/vc_column][\/vc_row]<\/p>\n<\/section>","protected":false},"excerpt":{"rendered":"<p>[vc_row][vc_column width=&#8221;1\/1&#8243;][vc_column_text]Installation &#8211; performance dans le cadre de Nuit Blanche Toronto 2010. Un studio de photo temporaire est install\u00e9 dans l&#8217;entr\u00e9e ext\u00e9rieure de la Scotia Bank sur Bay Street. Les gens sont invit\u00e9s \u00e0 venir se faire photographier apr\u00e8s une courte discussion. Chaque portrait est ensuite ajout\u00e9 \u00e0 la banque d&#8217;images et devient un des &#8230; <a title=\"The Next Community\" class=\"read-more\" href=\"http:\/\/jocelynrobert.com\/?page_id=691\" aria-label=\"More on The Next Community\">Read more<\/a><\/p>\n","protected":false},"author":1,"featured_media":0,"parent":40,"menu_order":0,"comment_status":"closed","ping_status":"open","template":"","meta":[],"_links":{"self":[{"href":"http:\/\/jocelynrobert.com\/index.php?rest_route=\/wp\/v2\/pages\/691"}],"collection":[{"href":"http:\/\/jocelynrobert.com\/index.php?rest_route=\/wp\/v2\/pages"}],"about":[{"href":"http:\/\/jocelynrobert.com\/index.php?rest_route=\/wp\/v2\/types\/page"}],"author":[{"embeddable":true,"href":"http:\/\/jocelynrobert.com\/index.php?rest_route=\/wp\/v2\/users\/1"}],"replies":[{"embeddable":true,"href":"http:\/\/jocelynrobert.com\/index.php?rest_route=%2Fwp%2Fv2%2Fcomments&post=691"}],"version-history":[{"count":3,"href":"http:\/\/jocelynrobert.com\/index.php?rest_route=\/wp\/v2\/pages\/691\/revisions"}],"predecessor-version":[{"id":701,"href":"http:\/\/jocelynrobert.com\/index.php?rest_route=\/wp\/v2\/pages\/691\/revisions\/701"}],"up":[{"embeddable":true,"href":"http:\/\/jocelynrobert.com\/index.php?rest_route=\/wp\/v2\/pages\/40"}],"wp:attachment":[{"href":"http:\/\/jocelynrobert.com\/index.php?rest_route=%2Fwp%2Fv2%2Fmedia&parent=691"}],"curies":[{"name":"wp","href":"https:\/\/api.w.org\/{rel}","templated":true}]}}