{"id":713,"date":"2015-04-04T21:49:25","date_gmt":"2015-04-04T21:49:25","guid":{"rendered":"http:\/\/jocelynrobert.com\/?page_id=713"},"modified":"2015-04-04T22:37:19","modified_gmt":"2015-04-04T22:37:19","slug":"planches-hors-texte","status":"publish","type":"page","link":"http:\/\/jocelynrobert.com\/?page_id=713","title":{"rendered":"Planches hors texte"},"content":{"rendered":"<section class=\"wpb-content-wrapper\"><p>[vc_row][vc_column width=&#8221;1\/1&#8243;][vc_column_text]<em>Planches hors texte<\/em> est un projet initi\u00e9 en 2001 lors d&#8217;un s\u00e9jour prolong\u00e9 en Californie. Inond\u00e9 de publicit\u00e9s imprim\u00e9es, je me suis pris au jeu et j&#8217;ai commenc\u00e9 \u00e0 vraiment regarder les images qui me parvenaient quotidiennement dans la bo\u00eete aux lettres. C&#8217;est ainsi que je suis rendu compte que dans la n\u00e9cessit\u00e9 de remplir la page co\u00fbte que co\u00fbte, les graphistes ajoutaient parfois, ici et l\u00e0, des images vraiment fortes, qui ne demandaient qu&#8217;\u00e0 \u00eatre vues. J&#8217;ai donc entrepris de les num\u00e9riser, puis d&#8217;intervenir \u00e0 divers degr\u00e9s \u2014du simple changement de format jusqu&#8217;\u00e0 l&#8217;intervention directe\u2014 pour en faire appara\u00eetre les qualit\u00e9s. Toutes ces images proviennent donc de ces publicit\u00e9s imprim\u00e9es sur papier journal qui encombrent notre courrier. Pr\u00e9sent\u00e9 au Centre VU, \u00e0 Qu\u00e9bec, 2009.<\/p>\n<p><em>Planches hors texte<\/em> began while I was staying in California. My mailbox being overfilled with printed advertisement, I began to look at these pictures that are so badly printed and realized that in their quest for a full page, graphic designers sometimes filled empty corners with very strong pictures, even if not always relevant. So I began scanning them, sometimes working on them, and then printing them so as to make them more visible. Shown at Centre VU,\u00a0 Quebec, 2009.[\/vc_column_text][\/vc_column][\/vc_row][vc_row][vc_column width=&#8221;1\/2&#8243;][vc_single_image border_color=&#8221;grey&#8221; img_link_target=&#8221;_self&#8221; image=&#8221;716&#8243; img_size=&#8221;full&#8221; alignment=&#8221;center&#8221; img_link_large=&#8221;&#8221;][vc_column_text]Vues d&#8217;ensemble. Photo Andr\u00e9 Barrette.[\/vc_column_text][\/vc_column][vc_column width=&#8221;1\/2&#8243;][vc_single_image border_color=&#8221;grey&#8221; img_link_target=&#8221;_self&#8221; image=&#8221;717&#8243; img_size=&#8221;full&#8221; alignment=&#8221;center&#8221; img_link_large=&#8221;&#8221;][\/vc_column][\/vc_row][vc_row][vc_column width=&#8221;1\/2&#8243;][vc_single_image border_color=&#8221;grey&#8221; img_link_target=&#8221;_self&#8221; image=&#8221;712&#8243; img_size=&#8221;full&#8221; alignment=&#8221;center&#8221; img_link_large=&#8221;&#8221;][vc_column_text]<em>Les voyelles<\/em>, 2009<br \/>\nImpression jet d&#8217;encre sur banni\u00e8re vinyle 15mil., 50&#8243; X 43.75&#8243;\u00a0 \/ Inkjet print on vinyl, 50&#8243; X 43.75&#8243;[\/vc_column_text][\/vc_column][vc_column width=&#8221;1\/2&#8243;][vc_single_image border_color=&#8221;grey&#8221; img_link_target=&#8221;_self&#8221; image=&#8221;718&#8243; img_size=&#8221;full&#8221; alignment=&#8221;center&#8221; img_link_large=&#8221;&#8221;][vc_column_text]<em>L&#8217;animiste<\/em>, 2009<br \/>\nImpression jet d&#8217;encre sur banni\u00e8re vinyle 15mil., 50&#8243; X 45.5&#8243; \/ Inkjet print on vinyl,\u00a050&#8243; X 45.5&#8243;[\/vc_column_text][\/vc_column][\/vc_row][vc_row][vc_column width=&#8221;1\/2&#8243;][vc_single_image border_color=&#8221;grey&#8221; img_link_target=&#8221;_self&#8221; image=&#8221;720&#8243; img_size=&#8221;full&#8221; alignment=&#8221;center&#8221; img_link_large=&#8221;&#8221;][vc_column_text]<em>La chambre bleue<\/em>, 2009<br \/>\nimpression jet d&#8217;encre sur banni\u00e8re vinyle 15mil., 50&#8243; X 46.25&#8243;\u00a0 \/ Inkjet print on vinyl, 50&#8243; X 46.25&#8243;[\/vc_column_text][\/vc_column][vc_column width=&#8221;1\/2&#8243;][vc_single_image border_color=&#8221;grey&#8221; img_link_target=&#8221;_self&#8221; image=&#8221;721&#8243; img_size=&#8221;full&#8221; alignment=&#8221;center&#8221; img_link_large=&#8221;&#8221;][vc_column_text]<em>Pollux<\/em>, 2009<br \/>\nimpression jet d&#8217;encre sur banni\u00e8re vinyle 15mil., 50&#8243; X 46&#8243;\u00a0\/ Inkjet print on vinyl,\u00a050&#8243; X 46&#8243;[\/vc_column_text][\/vc_column][\/vc_row][vc_row][vc_column width=&#8221;1\/2&#8243;][vc_single_image border_color=&#8221;grey&#8221; img_link_target=&#8221;_self&#8221; image=&#8221;723&#8243; img_size=&#8221;full&#8221; alignment=&#8221;center&#8221; img_link_large=&#8221;&#8221;][vc_column_text]<em>Les scaphandres<\/em>, 2009<br \/>\nimpression jet d&#8217;encre sur banni\u00e8re vinyle 15mil., 50&#8243; X 40.5&#8243;\u00a0 \/ Inkjet print on vinyl, 50&#8243; X 40.5&#8243;[\/vc_column_text][\/vc_column][vc_column width=&#8221;1\/2&#8243;][vc_single_image border_color=&#8221;grey&#8221; img_link_target=&#8221;_self&#8221; image=&#8221;724&#8243; img_size=&#8221;full&#8221; alignment=&#8221;center&#8221; img_link_large=&#8221;&#8221;][vc_column_text]<em>Castor<\/em>, 2009<br \/>\nimpression jet d&#8217;encre sur Photo Rag, 44&#8243; X 44.5&#8243;\u00a0\/ Inkjet print on Photo Rag, 44&#8243; X 44.5&#8243;[\/vc_column_text][\/vc_column][\/vc_row][vc_row][vc_column width=&#8221;1\/2&#8243;][vc_single_image border_color=&#8221;grey&#8221; img_link_target=&#8221;_self&#8221; image=&#8221;726&#8243; img_size=&#8221;full&#8221; alignment=&#8221;center&#8221; img_link_large=&#8221;&#8221;][vc_column_text]<em>La place publique<\/em>, 2009<br \/>\nimpression jet d&#8217;encre sur Photo Rag, 44&#8243; X 34.5&#8243;\u00a0 \/ Inkjet print on Photo Rag, 44&#8243; X 34.5&#8243;[\/vc_column_text][\/vc_column][vc_column width=&#8221;1\/2&#8243;][vc_single_image border_color=&#8221;grey&#8221; img_link_target=&#8221;_self&#8221; image=&#8221;727&#8243; img_size=&#8221;full&#8221; alignment=&#8221;center&#8221; img_link_large=&#8221;&#8221;][vc_column_text]<em>Le moulin vain<\/em>, 2009<br \/>\nimpression jet d&#8217;encre sur Photo Rag, 44&#8243; X 31.5&#8243; \/ Inkjet print on Photo Rag, 44&#8243; X 31.5&#8243;[\/vc_column_text][\/vc_column][\/vc_row][vc_row][vc_column width=&#8221;1\/2&#8243;][vc_single_image border_color=&#8221;grey&#8221; img_link_target=&#8221;_self&#8221; image=&#8221;731&#8243; img_size=&#8221;full&#8221; alignment=&#8221;center&#8221; img_link_large=&#8221;&#8221;][vc_column_text]<em>Notre-Dame-du-Vide<\/em>, 2009<br \/>\nimpression jet d&#8217;encre sur Photo Rag, 44&#8243; X 32.25&#8243;\u00a0 \/ Inkjet print on Photo Rag, 44&#8243; X 32.25&#8243;[\/vc_column_text][\/vc_column][vc_column width=&#8221;1\/2&#8243;][vc_single_image border_color=&#8221;grey&#8221; img_link_target=&#8221;_self&#8221; image=&#8221;730&#8243; img_size=&#8221;full&#8221; alignment=&#8221;center&#8221; img_link_large=&#8221;&#8221;][vc_column_text]<em>L&#8217;ordre des choses<\/em>, 2009<br \/>\nimpression jet d&#8217;encre sur Photo Rag, 44&#8243; X 32.25&#8243; \/ Inkjet print on Photo Rag, 44&#8243; X 32.25&#8243;[\/vc_column_text][\/vc_column][\/vc_row]<\/p>\n<\/section>","protected":false},"excerpt":{"rendered":"<p>[vc_row][vc_column width=&#8221;1\/1&#8243;][vc_column_text]Planches hors texte est un projet initi\u00e9 en 2001 lors d&#8217;un s\u00e9jour prolong\u00e9 en Californie. Inond\u00e9 de publicit\u00e9s imprim\u00e9es, je me suis pris au jeu et j&#8217;ai commenc\u00e9 \u00e0 vraiment regarder les images qui me parvenaient quotidiennement dans la bo\u00eete aux lettres. C&#8217;est ainsi que je suis rendu compte que dans la n\u00e9cessit\u00e9 de &#8230; <a title=\"Planches hors texte\" class=\"read-more\" href=\"http:\/\/jocelynrobert.com\/?page_id=713\" aria-label=\"More on Planches hors texte\">Read more<\/a><\/p>\n","protected":false},"author":1,"featured_media":0,"parent":40,"menu_order":0,"comment_status":"closed","ping_status":"open","template":"","meta":[],"_links":{"self":[{"href":"http:\/\/jocelynrobert.com\/index.php?rest_route=\/wp\/v2\/pages\/713"}],"collection":[{"href":"http:\/\/jocelynrobert.com\/index.php?rest_route=\/wp\/v2\/pages"}],"about":[{"href":"http:\/\/jocelynrobert.com\/index.php?rest_route=\/wp\/v2\/types\/page"}],"author":[{"embeddable":true,"href":"http:\/\/jocelynrobert.com\/index.php?rest_route=\/wp\/v2\/users\/1"}],"replies":[{"embeddable":true,"href":"http:\/\/jocelynrobert.com\/index.php?rest_route=%2Fwp%2Fv2%2Fcomments&post=713"}],"version-history":[{"count":8,"href":"http:\/\/jocelynrobert.com\/index.php?rest_route=\/wp\/v2\/pages\/713\/revisions"}],"predecessor-version":[{"id":734,"href":"http:\/\/jocelynrobert.com\/index.php?rest_route=\/wp\/v2\/pages\/713\/revisions\/734"}],"up":[{"embeddable":true,"href":"http:\/\/jocelynrobert.com\/index.php?rest_route=\/wp\/v2\/pages\/40"}],"wp:attachment":[{"href":"http:\/\/jocelynrobert.com\/index.php?rest_route=%2Fwp%2Fv2%2Fmedia&parent=713"}],"curies":[{"name":"wp","href":"https:\/\/api.w.org\/{rel}","templated":true}]}}