{"id":890,"date":"2015-04-06T20:22:05","date_gmt":"2015-04-06T20:22:05","guid":{"rendered":"http:\/\/jocelynrobert.com\/?page_id=890"},"modified":"2016-01-15T23:32:58","modified_gmt":"2016-01-15T23:32:58","slug":"interferences","status":"publish","type":"page","link":"http:\/\/jocelynrobert.com\/?page_id=890","title":{"rendered":"Interf\u00e9rences"},"content":{"rendered":"<section class=\"wpb-content-wrapper\"><p>[vc_row][vc_column][vc_column_text]<em>Interf\u00e9rences<\/em> est un projet avec le Mus\u00e9e des Beaux-arts de Nantes, dans le cadre du festival <a href=\"http:\/\/www.levoyageanantes.fr\/fr\/\">Le Voyage \u00e0 Nantes<\/a> 2015. Du 3 juillet au 30 ao\u00fbt 2015. Le projet a eu lieu dans 4 espaces : <a href=\"http:\/\/jocelynrobert.com\/?page_id=1364\" target=\"_blank\">Le Temple du Go\u00fbt<\/a>, <a href=\"http:\/\/jocelynrobert.com\/?page_id=1371\" target=\"_blank\">la Maison de l&#8217;Architecture<\/a>, <a href=\"http:\/\/jocelynrobert.com\/?page_id=1393\" target=\"_blank\">Le Passage Sainte-Croix <\/a>et l<a href=\"http:\/\/jocelynrobert.com\/?page_id=1382\" target=\"_blank\">e Museum d&#8217;Histoire Naturelle de Nantes<\/a>. L&#8217;exposition a \u00e9t\u00e9 comment\u00e9 dans le journal <a href=\"http:\/\/jocelynrobert.com\/wp-content\/uploads\/2015\/07\/le-monde-assemblage-1f.pdf\" target=\"_blank\">Le Monde<\/a>.<\/p>\n<p><em>Interf\u00e9rences<\/em> is a project with the Mus\u00e9e des Beaux-arts de Nantes, as part of the festival <a href=\"http:\/\/www.levoyageanantes.fr\/en\/\">Le Voyage \u00e0 Nantes<\/a> 2015. From July 3rd to August 30th, 2015. The project occupied four places : <a href=\"http:\/\/jocelynrobert.com\/?page_id=1364\" target=\"_blank\">Le Temple du Go\u00fbt<\/a>, the <a href=\"http:\/\/jocelynrobert.com\/?page_id=1371\" target=\"_blank\">Maison de l&#8217;Architecture<\/a>, <a href=\"http:\/\/jocelynrobert.com\/?page_id=1393\" target=\"_blank\">Le Passage Sainte-Croix<\/a> and the <a href=\"http:\/\/jocelynrobert.com\/?page_id=1382\" target=\"_blank\">Museum d&#8217;Histoire Naturelle de Nantes<\/a>. The show was reviewed in <a href=\"http:\/\/jocelynrobert.com\/wp-content\/uploads\/2015\/07\/le-monde-assemblage-1f.pdf\" target=\"_blank\">Le Monde<\/a>.[\/vc_column_text][vc_separator][vc_single_image image=&#8221;703&#8243; img_size=&#8221;full&#8221; alignment=&#8221;center&#8221;][\/vc_column][\/vc_row]<\/p>\n<\/section>","protected":false},"excerpt":{"rendered":"<p>[vc_row][vc_column][vc_column_text]Interf\u00e9rences est un projet avec le Mus\u00e9e des Beaux-arts de Nantes, dans le cadre du festival Le Voyage \u00e0 Nantes 2015. Du 3 juillet au 30 ao\u00fbt 2015. Le projet a eu lieu dans 4 espaces : Le Temple du Go\u00fbt, la Maison de l&#8217;Architecture, Le Passage Sainte-Croix et le Museum d&#8217;Histoire Naturelle de Nantes. &#8230; <a title=\"Interf\u00e9rences\" class=\"read-more\" href=\"http:\/\/jocelynrobert.com\/?page_id=890\" aria-label=\"More on Interf\u00e9rences\">Read more<\/a><\/p>\n","protected":false},"author":1,"featured_media":0,"parent":40,"menu_order":0,"comment_status":"closed","ping_status":"open","template":"","meta":[],"_links":{"self":[{"href":"http:\/\/jocelynrobert.com\/index.php?rest_route=\/wp\/v2\/pages\/890"}],"collection":[{"href":"http:\/\/jocelynrobert.com\/index.php?rest_route=\/wp\/v2\/pages"}],"about":[{"href":"http:\/\/jocelynrobert.com\/index.php?rest_route=\/wp\/v2\/types\/page"}],"author":[{"embeddable":true,"href":"http:\/\/jocelynrobert.com\/index.php?rest_route=\/wp\/v2\/users\/1"}],"replies":[{"embeddable":true,"href":"http:\/\/jocelynrobert.com\/index.php?rest_route=%2Fwp%2Fv2%2Fcomments&post=890"}],"version-history":[{"count":11,"href":"http:\/\/jocelynrobert.com\/index.php?rest_route=\/wp\/v2\/pages\/890\/revisions"}],"predecessor-version":[{"id":1405,"href":"http:\/\/jocelynrobert.com\/index.php?rest_route=\/wp\/v2\/pages\/890\/revisions\/1405"}],"up":[{"embeddable":true,"href":"http:\/\/jocelynrobert.com\/index.php?rest_route=\/wp\/v2\/pages\/40"}],"wp:attachment":[{"href":"http:\/\/jocelynrobert.com\/index.php?rest_route=%2Fwp%2Fv2%2Fmedia&parent=890"}],"curies":[{"name":"wp","href":"https:\/\/api.w.org\/{rel}","templated":true}]}}

Interférences

<section class="wpb-content-wrapper"><p>[vc_row][vc_column][vc_column_text]<em>Interférences</em> est un projet avec le Musée des Beaux-arts de Nantes, dans le cadre du festival <a href="http://www.levoyageanantes.fr/fr/">Le Voyage à Nantes</a> 2015. Du 3 juillet au 30 août 2015. Le projet a eu lieu dans 4 espaces : <a href="http://jocelynrobert.com/?page_id=1364" target="_blank">Le Temple du Goût</a>, <a href="http://jocelynrobert.com/?page_id=1371" target="_blank">la Maison de l&#8217;Architecture</a>, <a href="http://jocelynrobert.com/?page_id=1393" target="_blank">Le Passage Sainte-Croix </a>et l<a href="http://jocelynrobert.com/?page_id=1382" target="_blank">e Museum d&#8217;Histoire Naturelle de Nantes</a>. L&#8217;exposition a été commenté dans le journal <a href="http://jocelynrobert.com/wp-content/uploads/2015/07/le-monde-assemblage-1f.pdf" target="_blank">Le Monde</a>.</p>
<p><em>Interférences</em> is a project with the Musée des Beaux-arts de Nantes, as part of the festival <a href="http://www.levoyageanantes.fr/en/">Le Voyage à Nantes</a> 2015. From July 3rd to August 30th, 2015. The project occupied four places : <a href="http://jocelynrobert.com/?page_id=1364" target="_blank">Le Temple du Goût</a>, the <a href="http://jocelynrobert.com/?page_id=1371" target="_blank">Maison de l&#8217;Architecture</a>, <a href="http://jocelynrobert.com/?page_id=1393" target="_blank">Le Passage Sainte-Croix</a> and the <a href="http://jocelynrobert.com/?page_id=1382" target="_blank">Museum d&#8217;Histoire Naturelle de Nantes</a>. The show was reviewed in <a href="http://jocelynrobert.com/wp-content/uploads/2015/07/le-monde-assemblage-1f.pdf" target="_blank">Le Monde</a>.[/vc_column_text][vc_separator][vc_single_image image=&#8221;703&#8243; img_size=&#8221;full&#8221; alignment=&#8221;center&#8221;][/vc_column][/vc_row]</p>
</section>

<p>[vc_row][vc_column][vc_column_text]Interférences est un projet avec le Musée des Beaux-arts de Nantes, dans le cadre du festival Le Voyage à Nantes 2015. Du 3 juillet au 30 août 2015. Le projet a eu lieu dans 4 espaces : Le Temple du Goût, la Maison de l&#8217;Architecture, Le Passage Sainte-Croix et le Museum d&#8217;Histoire Naturelle de Nantes. &#8230; <a title="Interférences" class="read-more" href="http://jocelynrobert.com/?page_id=890" aria-label="More on Interférences">Read more</a></p>
