{"id":915,"date":"2015-04-07T12:55:01","date_gmt":"2015-04-07T12:55:01","guid":{"rendered":"http:\/\/jocelynrobert.com\/?page_id=915"},"modified":"2015-04-10T15:16:08","modified_gmt":"2015-04-10T15:16:08","slug":"linvention-des-animaux","status":"publish","type":"page","link":"http:\/\/jocelynrobert.com\/?page_id=915","title":{"rendered":"L&#8217;Invention des animaux"},"content":{"rendered":"<section class=\"wpb-content-wrapper\"><p>[vc_row][vc_column][vc_column_text]Une oeuvre vid\u00e9o informatique qui explore les limites entre objet naturel et objet culturel. L&#8217;installation a \u00e9t\u00e9 montr\u00e9e en autres \u00e0 la Transmediale de Berlin en 2002, o\u00f9 elle a re\u00e7u le Premier Prix, cat\u00e9gorie Image, \u00e0 la Biennale d&#8217;Arts M\u00e9diatiques de Santiago, au Chili et \u00e0a la Manif d&#8217;Art de Qu\u00e9bec en 2003, au centre Vox (Montr\u00e9al) en 2005 et \u00e0 Vooruit (Gand) en 2006. Collection Mus\u00e9e National des Beaux-Arts du Qu\u00e9bec.<\/p>\n<p>A computer-video installation walking the line between natural and cultural objects. It has been shown in several places, notably at the 2002 Transmediale, in Berlin, where it got First Award in the Image category, at Santiago Media Arts Biennale, in Chile and at Manif d&#8217;Art de Qu\u00e9bec in 2003, at Vox, in Montreal, in 2005 and at Vooruit (Gent) in 2006. Collection Mus\u00e9e National des Beaux-Arts du Qu\u00e9bec.<\/p>\n<p>&nbsp;[\/vc_column_text][\/vc_column][vc_column width=&#8221;1\/1&#8243;][vc_video link=&#8221;https:\/\/youtu.be\/Spn7uyJqTNA&#8221;][\/vc_column][\/vc_row]<\/p>\n<\/section>","protected":false},"excerpt":{"rendered":"<p>[vc_row][vc_column][vc_column_text]Une oeuvre vid\u00e9o informatique qui explore les limites entre objet naturel et objet culturel. L&#8217;installation a \u00e9t\u00e9 montr\u00e9e en autres \u00e0 la Transmediale de Berlin en 2002, o\u00f9 elle a re\u00e7u le Premier Prix, cat\u00e9gorie Image, \u00e0 la Biennale d&#8217;Arts M\u00e9diatiques de Santiago, au Chili et \u00e0a la Manif d&#8217;Art de Qu\u00e9bec en 2003, au &#8230; <a title=\"L&#8217;Invention des animaux\" class=\"read-more\" href=\"http:\/\/jocelynrobert.com\/?page_id=915\" aria-label=\"More on L&#8217;Invention des animaux\">Read more<\/a><\/p>\n","protected":false},"author":1,"featured_media":0,"parent":40,"menu_order":0,"comment_status":"closed","ping_status":"open","template":"","meta":[],"_links":{"self":[{"href":"http:\/\/jocelynrobert.com\/index.php?rest_route=\/wp\/v2\/pages\/915"}],"collection":[{"href":"http:\/\/jocelynrobert.com\/index.php?rest_route=\/wp\/v2\/pages"}],"about":[{"href":"http:\/\/jocelynrobert.com\/index.php?rest_route=\/wp\/v2\/types\/page"}],"author":[{"embeddable":true,"href":"http:\/\/jocelynrobert.com\/index.php?rest_route=\/wp\/v2\/users\/1"}],"replies":[{"embeddable":true,"href":"http:\/\/jocelynrobert.com\/index.php?rest_route=%2Fwp%2Fv2%2Fcomments&post=915"}],"version-history":[{"count":4,"href":"http:\/\/jocelynrobert.com\/index.php?rest_route=\/wp\/v2\/pages\/915\/revisions"}],"predecessor-version":[{"id":1180,"href":"http:\/\/jocelynrobert.com\/index.php?rest_route=\/wp\/v2\/pages\/915\/revisions\/1180"}],"up":[{"embeddable":true,"href":"http:\/\/jocelynrobert.com\/index.php?rest_route=\/wp\/v2\/pages\/40"}],"wp:attachment":[{"href":"http:\/\/jocelynrobert.com\/index.php?rest_route=%2Fwp%2Fv2%2Fmedia&parent=915"}],"curies":[{"name":"wp","href":"https:\/\/api.w.org\/{rel}","templated":true}]}}