{"id":14,"date":"2015-03-25T20:59:55","date_gmt":"2015-03-25T20:59:55","guid":{"rendered":"http:\/\/jocelynrobert.com\/?page_id=14"},"modified":"2025-12-29T16:47:59","modified_gmt":"2025-12-29T16:47:59","slug":"a-propos-about","status":"publish","type":"page","link":"https:\/\/jocelynrobert.com\/?page_id=14","title":{"rendered":"\u00c0 propos \/ About"},"content":{"rendered":"<section class=\"wpb-content-wrapper\"><p>[vc_row][vc_column][vc_column_text]<span style=\"color: #0000ff;\"><a href=\"http:\/\/jocelynrobert.com\/wp-content\/uploads\/2025\/12\/ROBERT_Jocelyn_CV-29-decembre-2025.pdf\">Curriculum Vitae (pdf)<\/a>\u00a0\u00a0 <a style=\"color: #0000ff;\" title=\"Presse\" href=\"http:\/\/jocelynrobert.com\/?page_id=1081\">Presse<\/a>\u00a0\u00a0 <a style=\"color: #0000ff;\" href=\"http:\/\/jocelynrobert.com\/?page_id=1113\">Catalogues<\/a><\/span> \u00a0 <a href=\"https:\/\/jocelynrobert.com\/?page_id=1827\">Entrevues vid\u00e9o<\/a>[\/vc_column_text][\/vc_column][\/vc_row][vc_row][vc_column][vc_column_text]Jocelyn Robert est un artiste interdisciplinaire de Qu\u00e9bec. Il travaille notamment en musique, art audio, art informatique, performance, installation, vid\u00e9o et \u00e9criture. Ses installations et ses vid\u00e9os ont \u00e9t\u00e9 expos\u00e9es internationalement et ses \u0153uvres sonores se retrouvent sur plus de 30 disques compacts. Ses textes ont \u00e9t\u00e9 publi\u00e9s chez Le Quartanier (Montr\u00e9al), Ohm \u00c9ditions (Qu\u00e9bec), Errant Bodies Press (Los Angeles), Semiotext(e) (New York), ainsi que dans de nombreux catalogues d&#8217;\u00e9v\u00e9nements artistiques, notamment Ars Electronica et Sonambiante (Allemagne). Son travail a fait l\u2019objet de plusieurs textes, dont deux catalogues solo, l\u2019un \u00e0 la Galerie de L\u2019UQAM et l\u2019autre par le centre VOX. Impliqu\u00e9 dans le milieu artistique \u00e0 plusieurs niveaux, il a fond\u00e9 le centre d\u2019art sonore et \u00e9lectronique Avatar et a particip\u00e9 \u00e0 la fondation de la coop\u00e9rative M\u00e9duse. Il a enseign\u00e9 \u00e0 Mills College, Oakland (Californie), \u00e0 l&#8217;Universit\u00e9 du Qu\u00e9bec \u00e0 Montr\u00e9al et \u00e0 l&#8217;\u00c9cole d&#8217;art de l&#8217;Universit\u00e9 Laval, \u00e9cole qu&#8217;il a dirig\u00e9 de 2012 \u00e0 2017.[\/vc_column_text][\/vc_column][vc_column][vc_column_text]Jocelyn Robert is a multidisciplinary artist from Quebec. He works in music, audio art, computer art, performance, installation, video and writing. His visual and video work has been shown internationally and his sound works have been published on more than 30 cds. His texts can be found in books at Le Quartanier (Montr\u00e9al), Ohm \u00c9ditions (Qu\u00e9bec), Errant Bodies Press (Los Angeles), Semiotext(e) (New York), and in a number of art catalogues. Many texts have been written on his art, and two solo catalogues have been published, one by Galerie de l&#8217;UQAM and one by Centre Vox. He is involved in art activism at different levels. Amongst other undertakings, he founded that audio and electronic arts centre Avatar and took part in the foundation of the Meduse cooperative. He taught at Mills College (Oakland, California), at Universit\u00e9 du Qu\u00e9bec \u00e0 Montr\u00e9al and at \u00c9cole d&#8217;art de l&#8217;Universit\u00e9 Laval, where he has been director from 2012 to 2017.[\/vc_column_text][\/vc_column][\/vc_row]<\/p>\n<\/section>","protected":false},"excerpt":{"rendered":"<p>[vc_row][vc_column][vc_column_text]Curriculum Vitae (pdf)\u00a0\u00a0 Presse\u00a0\u00a0 Catalogues \u00a0 Entrevues vid\u00e9o[\/vc_column_text][\/vc_column][\/vc_row][vc_row][vc_column][vc_column_text]Jocelyn Robert est un artiste interdisciplinaire de Qu\u00e9bec. Il travaille notamment en musique, art audio, art informatique, performance, installation, vid\u00e9o et \u00e9criture. Ses installations et ses vid\u00e9os ont \u00e9t\u00e9 expos\u00e9es internationalement et ses \u0153uvres sonores se retrouvent sur plus de 30 disques compacts. Ses textes ont \u00e9t\u00e9 publi\u00e9s &#8230; <a title=\"\u00c0 propos \/ About\" class=\"read-more\" href=\"https:\/\/jocelynrobert.com\/?page_id=14\" aria-label=\"More on \u00c0 propos \/ About\">Read more<\/a><\/p>\n","protected":false},"author":1,"featured_media":20,"parent":0,"menu_order":0,"comment_status":"closed","ping_status":"closed","template":"","meta":[],"_links":{"self":[{"href":"https:\/\/jocelynrobert.com\/index.php?rest_route=\/wp\/v2\/pages\/14"}],"collection":[{"href":"https:\/\/jocelynrobert.com\/index.php?rest_route=\/wp\/v2\/pages"}],"about":[{"href":"https:\/\/jocelynrobert.com\/index.php?rest_route=\/wp\/v2\/types\/page"}],"author":[{"embeddable":true,"href":"https:\/\/jocelynrobert.com\/index.php?rest_route=\/wp\/v2\/users\/1"}],"replies":[{"embeddable":true,"href":"https:\/\/jocelynrobert.com\/index.php?rest_route=%2Fwp%2Fv2%2Fcomments&post=14"}],"version-history":[{"count":36,"href":"https:\/\/jocelynrobert.com\/index.php?rest_route=\/wp\/v2\/pages\/14\/revisions"}],"predecessor-version":[{"id":1939,"href":"https:\/\/jocelynrobert.com\/index.php?rest_route=\/wp\/v2\/pages\/14\/revisions\/1939"}],"wp:featuredmedia":[{"embeddable":true,"href":"https:\/\/jocelynrobert.com\/index.php?rest_route=\/wp\/v2\/media\/20"}],"wp:attachment":[{"href":"https:\/\/jocelynrobert.com\/index.php?rest_route=%2Fwp%2Fv2%2Fmedia&parent=14"}],"curies":[{"name":"wp","href":"https:\/\/api.w.org\/{rel}","templated":true}]}}