{"id":1776,"date":"2023-02-06T16:35:18","date_gmt":"2023-02-06T16:35:18","guid":{"rendered":"https:\/\/jocelynrobert.com\/?page_id=1776"},"modified":"2023-02-06T16:36:22","modified_gmt":"2023-02-06T16:36:22","slug":"period-rooms","status":"publish","type":"page","link":"https:\/\/jocelynrobert.com\/?page_id=1776","title":{"rendered":"Period Rooms"},"content":{"rendered":"<section class=\"wpb-content-wrapper\"><p>[vc_row][vc_column][vc_column_text]L&#8217;oeuvre <em>xx CANxDx xxx xxYx xxS AMxxxx<\/em> a \u00e9t\u00e9 pr\u00e9sent\u00e9e \u00e0 la maison Sir Georges-Etienne Cartier, \u00e0 Montr\u00e9al, dans le cadre du projet <em>Period Rooms<\/em>, organis\u00e9 par le Centre VOX en 2019.<\/p>\n<p>The piece <em>xx CANxDx xxx xxYx xxS AMxxxx<\/em> has been installed at Maison Sir Georges-Etienne Cartier, Montr\u00e9al, as part of the project <em>Period Rooms<\/em>, organized by Centre VOX in 2019.<\/p>\n<p><a href=\"http:\/\/centrevox.ca\/exposition\/period-rooms-lieu-historique-national-de-sir-george-etienne-cartier\/\">http:\/\/centrevox.ca\/exposition\/period-rooms-lieu-historique-national-de-sir-george-etienne-cartier\/<\/a><\/p>\n<p>[\/vc_column_text][\/vc_column][\/vc_row][vc_row][vc_column][vc_video link=&#8221;https:\/\/vimeo.com\/796085860&#8243;][\/vc_column][\/vc_row][vc_row][vc_column][vc_gallery interval=&#8221;3&#8243; images=&#8221;1781,1780,1779,1778&#8243; img_size=&#8221;medium&#8221;][\/vc_column][\/vc_row]<\/p>\n<\/section>","protected":false},"excerpt":{"rendered":"<p>[vc_row][vc_column][vc_column_text]L&#8217;oeuvre xx CANxDx xxx xxYx xxS AMxxxx a \u00e9t\u00e9 pr\u00e9sent\u00e9e \u00e0 la maison Sir Georges-Etienne Cartier, \u00e0 Montr\u00e9al, dans le cadre du projet Period Rooms, organis\u00e9 par le Centre VOX en 2019. The piece xx CANxDx xxx xxYx xxS AMxxxx has been installed at Maison Sir Georges-Etienne Cartier, Montr\u00e9al, as part of the project Period &#8230; <a title=\"Period Rooms\" class=\"read-more\" href=\"https:\/\/jocelynrobert.com\/?page_id=1776\" aria-label=\"More on Period Rooms\">Read more<\/a><\/p>\n","protected":false},"author":1,"featured_media":0,"parent":40,"menu_order":0,"comment_status":"closed","ping_status":"closed","template":"","meta":[],"_links":{"self":[{"href":"https:\/\/jocelynrobert.com\/index.php?rest_route=\/wp\/v2\/pages\/1776"}],"collection":[{"href":"https:\/\/jocelynrobert.com\/index.php?rest_route=\/wp\/v2\/pages"}],"about":[{"href":"https:\/\/jocelynrobert.com\/index.php?rest_route=\/wp\/v2\/types\/page"}],"author":[{"embeddable":true,"href":"https:\/\/jocelynrobert.com\/index.php?rest_route=\/wp\/v2\/users\/1"}],"replies":[{"embeddable":true,"href":"https:\/\/jocelynrobert.com\/index.php?rest_route=%2Fwp%2Fv2%2Fcomments&post=1776"}],"version-history":[{"count":3,"href":"https:\/\/jocelynrobert.com\/index.php?rest_route=\/wp\/v2\/pages\/1776\/revisions"}],"predecessor-version":[{"id":1783,"href":"https:\/\/jocelynrobert.com\/index.php?rest_route=\/wp\/v2\/pages\/1776\/revisions\/1783"}],"up":[{"embeddable":true,"href":"https:\/\/jocelynrobert.com\/index.php?rest_route=\/wp\/v2\/pages\/40"}],"wp:attachment":[{"href":"https:\/\/jocelynrobert.com\/index.php?rest_route=%2Fwp%2Fv2%2Fmedia&parent=1776"}],"curies":[{"name":"wp","href":"https:\/\/api.w.org\/{rel}","templated":true}]}}